{"id":219,"date":"2023-03-14T11:46:52","date_gmt":"2023-03-14T10:46:52","guid":{"rendered":"https:\/\/www.rsk1950.de\/wordpress\/?page_id=219"},"modified":"2025-01-03T20:32:23","modified_gmt":"2025-01-03T19:32:23","slug":"anfahrt","status":"publish","type":"page","link":"https:\/\/www.rsk1950.de\/wordpress\/?page_id=219","title":{"rendered":"Anfahrt"},"content":{"rendered":"<h2>Standort<\/h2>\n<div style=\"width: 640px;\" class=\"wp-video\"><video class=\"wp-video-shortcode\" id=\"video-219-1\" width=\"640\" height=\"360\" preload=\"metadata\" controls=\"controls\"><source type=\"video\/mp4\" src=\"https:\/\/www.rsk1950.de\/old\/downloads\/standort3.mp4?_=1\" \/><a href=\"https:\/\/www.rsk1950.de\/old\/downloads\/standort3.mp4\">https:\/\/www.rsk1950.de\/old\/downloads\/standort3.mp4<\/a><\/video><\/div>\n<h2><a name=\"753260ab741325a0a\"><\/a>Anfahrt<\/h2>\n<p><img loading=\"lazy\" decoding=\"async\" src=\"https:\/\/www.rsk1950.de\/old\/images\/2020-02-29-21_28_32-stadionring-9---google-map_480.jpg\" alt=\"\" width=\"480\" height=\"351\" border=\"0\" \/><\/p>\n<p>\u00bb\u00a0<a title=\"\" href=\"https:\/\/www.google.de\/maps\/place\/Stadionring+9,+40878+Ratingen\/@51.2970494,6.8382719,17z\/data=!3m1!4b1!4m5!3m4!1s0x47b8c89377e3d6af:0x1b1f20692ab92a72!8m2!3d51.2970461!4d6.8404606\" target=\"_blank\" rel=\"noopener\">Google Maps<\/a><\/p>\n<p><b>Ratinger Schachklub<br \/>\nStadionring 9 (Haus der Jugend)<br \/>\n40878 Ratingen<br \/>\nTel.:0152-29429878 (1. Vorsitzender Dirk Liedtke)<\/b><\/p>\n<p><b>Anfahrt mit dem Auto:<\/b><\/p>\n<p>a) Wenn Sie \u00fcber die A3 kommen, wechseln Sie im AK Ratingen-Ost auf die A44 &#8211; Richtung D\u00fcsseldorf. Diese verlassen Sie an der Ausfahrt Ratingen-Schwarzbach (NICHT Ratingen-Velbert). Von hier aus folgen Sie den Schildern in Richtung Ratingen-Mitte. An der 2.Ampel biegen Sie links in den Europaring ein, den Sie an der 2.Hauptampel wieder verlassen und rechts in den D\u00fcrerring abbiegen. Der verl\u00e4ngerte D\u00fcrerring ist der Stadionring.<\/p>\n<p>b) Wenn Sie \u00fcber die A52 kommen, verlassen Sie diese an der Ausfahrt Ratingen-Tiefenbroich -Richtung Ratingen-Mitte. Nach ca. 3 km geht diese Stra\u00dfe hinter der 2.Ampel direkt in den Stadionring \u00fcber.<\/p>\n<p>Das Jugendhaus liegt in der N\u00e4he des Stadions und ist an den rot\/wei\u00df gestreiften Fensterl\u00e4den zu erkennen. Auf der gegen\u00fcberliegenden Seite ist ein gro\u00dfer Parkplatz.<\/p>\n<p><b>Anfahrt mit \u00f6ffentlichen Verkehrsmitteln:<\/b><\/p>\n<p>Mit der S-Bahn Linie S6 bis zur Haltestelle Ratingen-Ost. Von hier aus weiter mit den Linien 757, 749 oder 016 an der Haltestelle Hienenburg. Zu Fu\u00df ben\u00f6tigen Sie zum Jugendhaus ca. 20 Minuten.<\/p>\n<p>Aus dem Stadtgebiet D\u00fcsseldorf kommen, k\u00f6nnen Sie mit der Stra\u00dfenbahnlinie 712 bis zur Haltestelle Weststra\u00dfe fahren. Von hier aus laufen Sie zum Jugendhaus noch ca. 300 m.<\/p>\n<p><b>Wir w\u00fcnschen eine gute Anreise!<\/b><\/p>\n","protected":false},"excerpt":{"rendered":"<p>Standort https:\/\/www.rsk1950.de\/old\/downloads\/standort3.mp4 Anfahrt \u00bb\u00a0Google Maps Ratinger Schachklub Stadionring 9 (Haus der Jugend) 40878 Ratingen Tel.:0152-29429878 (1. Vorsitzender Dirk Liedtke) Anfahrt mit dem Auto: a) Wenn Sie \u00fcber die A3 kommen, wechseln Sie im AK Ratingen-Ost auf die A44 &#8211; Richtung D\u00fcsseldorf. Diese verlassen Sie an der Ausfahrt Ratingen-Schwarzbach (NICHT Ratingen-Velbert). Von hier aus folgen Sie <a class=\"read-more-link\" href=\"https:\/\/www.rsk1950.de\/wordpress\/?page_id=219\">Weiterlesen<\/a><\/p>\n","protected":false},"author":1,"featured_media":0,"parent":0,"menu_order":0,"comment_status":"closed","ping_status":"closed","template":"","meta":{"neve_meta_sidebar":"","neve_meta_container":"","neve_meta_enable_content_width":"off","neve_meta_content_width":100,"neve_meta_title_alignment":"","neve_meta_author_avatar":"","neve_post_elements_order":"","neve_meta_disable_header":"","neve_meta_disable_footer":"","neve_meta_disable_title":"on","footnotes":""},"class_list":["post-219","page","type-page","status-publish","hentry"],"_links":{"self":[{"href":"https:\/\/www.rsk1950.de\/wordpress\/index.php?rest_route=\/wp\/v2\/pages\/219","targetHints":{"allow":["GET"]}}],"collection":[{"href":"https:\/\/www.rsk1950.de\/wordpress\/index.php?rest_route=\/wp\/v2\/pages"}],"about":[{"href":"https:\/\/www.rsk1950.de\/wordpress\/index.php?rest_route=\/wp\/v2\/types\/page"}],"author":[{"embeddable":true,"href":"https:\/\/www.rsk1950.de\/wordpress\/index.php?rest_route=\/wp\/v2\/users\/1"}],"replies":[{"embeddable":true,"href":"https:\/\/www.rsk1950.de\/wordpress\/index.php?rest_route=%2Fwp%2Fv2%2Fcomments&post=219"}],"version-history":[{"count":6,"href":"https:\/\/www.rsk1950.de\/wordpress\/index.php?rest_route=\/wp\/v2\/pages\/219\/revisions"}],"predecessor-version":[{"id":2580,"href":"https:\/\/www.rsk1950.de\/wordpress\/index.php?rest_route=\/wp\/v2\/pages\/219\/revisions\/2580"}],"wp:attachment":[{"href":"https:\/\/www.rsk1950.de\/wordpress\/index.php?rest_route=%2Fwp%2Fv2%2Fmedia&parent=219"}],"curies":[{"name":"wp","href":"https:\/\/api.w.org\/{rel}","templated":true}]}}