{"id":3379,"date":"2025-12-21T21:04:37","date_gmt":"2025-12-21T20:04:37","guid":{"rendered":"https:\/\/www.rsk1950.de\/wordpress\/?page_id=3379"},"modified":"2026-04-12T15:34:23","modified_gmt":"2026-04-12T13:34:23","slug":"ratzopokal-2025","status":"publish","type":"page","link":"https:\/\/www.rsk1950.de\/wordpress\/?page_id=3379","title":{"rendered":"Ratzopokal 2025"},"content":{"rendered":"<br \/>\n<style type=\"text\/css\">\ntable, th, td \n{\nborder: 1px solid #040;\nborder-collapse: collapse;\nfont-size: 0.9em;\ntext-align: center;\npadding: 5px;\nbackground-color:#efefef;\ncolor: black;\n} \nth \n{\nbackground-color: #3e30c9;\nborder: 1px solid #000;\ncolor: white;\n} \ntable {\nwidth: 80%;\n}\n  <\/style>\n<p>&nbsp;<\/p>\n<p>Die Paarungen der 1.Runde lauten:<\/p>\n<table>\n<tbody>\n<tr>\n<td width=\"106\">(1.) Probst<\/td>\n<td width=\"65\">1 &#8211; 0<\/td>\n<td width=\"115\">(26.) Meyer, H.<\/td>\n<\/tr>\n<tr>\n<td>(2.) Welling<\/td>\n<td>1 &#8211; 0<\/td>\n<td>(20.) Wei\u00df<\/td>\n<\/tr>\n<tr>\n<td>(3.) Br\u00f6ker, Cle.<\/td>\n<td>1 &#8211; 0<\/td>\n<td>(19.) Kr\u00fcger, M.<\/td>\n<\/tr>\n<tr>\n<td>(4.) Antz<\/td>\n<td>1\/2 &#8211; 1\/2<\/td>\n<td>(18.) Brixius<\/td>\n<\/tr>\n<tr>\n<td>(5.) Sch\u00f6n<\/td>\n<td>1 &#8211; 0<\/td>\n<td>(14.) Weck<\/td>\n<\/tr>\n<tr>\n<td>(6.) Skoerys, F.<\/td>\n<td>+ &#8211; &#8211;<\/td>\n<td>(12.) Grigo<\/td>\n<\/tr>\n<tr>\n<td>(7.) Rombald<\/td>\n<td>1 &#8211; 0<\/td>\n<td>(11.) Deschner<\/td>\n<\/tr>\n<tr>\n<td>(8.) Grieshop<\/td>\n<td>0 &#8211; 1<\/td>\n<td>(10.) D\u00f6pke<\/td>\n<\/tr>\n<\/tbody>\n<\/table>\n<p>Die Paarungen des Viertelfinals lauten:<\/p>\n<table>\n<tbody>\n<tr>\n<td width=\"106\">(1.) Probst<\/td>\n<td width=\"65\">1 &#8211; 0<\/td>\n<td width=\"115\">(10.) D\u00f6pke<\/td>\n<\/tr>\n<tr>\n<td>(2.) Welling<\/td>\n<td>1 &#8211; 0<\/td>\n<td>(7.) Rombald<\/td>\n<\/tr>\n<tr>\n<td>(3.) Br\u00f6ker, Cle.<\/td>\n<td>+ &#8211; &#8211;<\/td>\n<td>(6.) Skoerys, F.<\/td>\n<\/tr>\n<tr>\n<td>(4.) Antz<\/td>\n<td>0 &#8211; 1<\/td>\n<td>(5.) Sch\u00f6n<\/td>\n<\/tr>\n<\/tbody>\n<\/table>\n<p>Die Paarungen des Halbfinals lauten:<\/p>\n<table>\n<tbody>\n<tr>\n<td width=\"106\">(1.) Probst<\/td>\n<td width=\"65\">&#8211;<\/td>\n<td width=\"115\">(5.) Sch\u00f6n<\/td>\n<\/tr>\n<tr>\n<td>(2.) Welling<\/td>\n<td>&#8211;<\/td>\n<td>(3.) Br\u00f6ker, Cle.<\/td>\n<\/tr>\n<\/tbody>\n<\/table>\n<p>Regelhinweise:<\/p>\n<ol>\n<li>Die Ratze, die in der Tabelle besser steht, hat die Farbwahl und kommt bei Remis weiter. Ich m\u00f6chte mit dieser Regelung den besseren Tabellenplatz der Abschlusstabelle belohnen.<\/li>\n<li>Da nach dem Ratzoturnier 2024 weniger Ratzen qualifiziert waren als es Startpl\u00e4tze gibt, f\u00fclle ich das Feld nicht nach den erspielten Punkten <strong><em>sondern den gespielten Partien<\/em><\/strong> auf. Ich m\u00f6chte mit dieser Regelung den Flei\u00df belohnen.<\/li>\n<\/ol>\n","protected":false},"excerpt":{"rendered":"<p>&nbsp; Die Paarungen der 1.Runde lauten: (1.) Probst 1 &#8211; 0 (26.) Meyer, H. (2.) Welling 1 &#8211; 0 (20.) Wei\u00df (3.) Br\u00f6ker, Cle. 1 &#8211; 0 (19.) Kr\u00fcger, M. (4.) Antz 1\/2 &#8211; 1\/2 (18.) Brixius (5.) Sch\u00f6n 1 &#8211; 0 (14.) Weck (6.) Skoerys, F. + &#8211; &#8211; (12.) Grigo (7.) Rombald 1 <a class=\"read-more-link\" href=\"https:\/\/www.rsk1950.de\/wordpress\/?page_id=3379\">Weiterlesen<\/a><\/p>\n","protected":false},"author":1,"featured_media":0,"parent":0,"menu_order":0,"comment_status":"closed","ping_status":"closed","template":"","meta":{"neve_meta_sidebar":"","neve_meta_container":"","neve_meta_enable_content_width":"off","neve_meta_content_width":100,"neve_meta_title_alignment":"","neve_meta_author_avatar":"","neve_post_elements_order":"","neve_meta_disable_header":"","neve_meta_disable_footer":"","neve_meta_disable_title":"on","footnotes":""},"class_list":["post-3379","page","type-page","status-publish","hentry"],"_links":{"self":[{"href":"https:\/\/www.rsk1950.de\/wordpress\/index.php?rest_route=\/wp\/v2\/pages\/3379","targetHints":{"allow":["GET"]}}],"collection":[{"href":"https:\/\/www.rsk1950.de\/wordpress\/index.php?rest_route=\/wp\/v2\/pages"}],"about":[{"href":"https:\/\/www.rsk1950.de\/wordpress\/index.php?rest_route=\/wp\/v2\/types\/page"}],"author":[{"embeddable":true,"href":"https:\/\/www.rsk1950.de\/wordpress\/index.php?rest_route=\/wp\/v2\/users\/1"}],"replies":[{"embeddable":true,"href":"https:\/\/www.rsk1950.de\/wordpress\/index.php?rest_route=%2Fwp%2Fv2%2Fcomments&post=3379"}],"version-history":[{"count":7,"href":"https:\/\/www.rsk1950.de\/wordpress\/index.php?rest_route=\/wp\/v2\/pages\/3379\/revisions"}],"predecessor-version":[{"id":3586,"href":"https:\/\/www.rsk1950.de\/wordpress\/index.php?rest_route=\/wp\/v2\/pages\/3379\/revisions\/3586"}],"wp:attachment":[{"href":"https:\/\/www.rsk1950.de\/wordpress\/index.php?rest_route=%2Fwp%2Fv2%2Fmedia&parent=3379"}],"curies":[{"name":"wp","href":"https:\/\/api.w.org\/{rel}","templated":true}]}}