{"id":7,"date":"2023-03-13T09:39:53","date_gmt":"2023-03-13T08:39:53","guid":{"rendered":"https:\/\/www.rsk1950.de\/wordpress\/?page_id=7"},"modified":"2025-09-19T18:37:25","modified_gmt":"2025-09-19T16:37:25","slug":"startseite","status":"publish","type":"page","link":"https:\/\/www.rsk1950.de\/wordpress\/","title":{"rendered":"Startseite"},"content":{"rendered":"\r\n<div class=\"wp-block-cover alignfull\" style=\"min-height:700px;aspect-ratio:unset;\"><span aria-hidden=\"true\" class=\"wp-block-cover__background has-background-dim\"><\/span><img loading=\"lazy\" decoding=\"async\" width=\"1280\" height=\"853\" class=\"wp-block-cover__image-background wp-image-45\" alt=\"\" src=\"https:\/\/www.rsk1950.de\/wordpress\/wp-content\/uploads\/2023\/03\/chess-g3ad9c1cde_1280.jpg\" data-object-fit=\"cover\"\/><div class=\"wp-block-cover__inner-container is-layout-flow wp-block-cover-is-layout-flow\">\r\n<div style=\"height:80px\" aria-hidden=\"true\" class=\"wp-block-spacer\"><\/div>\r\n\r\n\r\n\r\n<h1 class=\"wp-block-heading alignfull has-text-align-center has-nv-light-bg-color has-text-color\">Herzlich Willkommen beim RSK!<\/h1>\r\n\r\n\r\n\r\n<p class=\"has-text-align-center\"><strong>40878 Ratingen, Stadionring 9 (im St\u00e4dtischen Jugendhaus)<br>(Donnerstags &amp; Sonntags wenn Spielbetrieb stattfindet erreichbar)<\/strong><\/p>\r\n\r\n\r\n\r\n<p class=\"has-text-align-center\"><strong>Spielabend: Donnerstag ab 19 Uhr<br><br>Jugend: Au\u00dferhalb der Ferien &#8211; Donnerstags von 17:30 bis ca. 19:00 Uhr\r\nsowie <br>Samstags f\u00fcr Fortgeschrittene mit Turniererfahrung von 10:00 bis 12:00 Uhr<br>\r\nF\u00fcr Anf\u00e4nger und leicht Fortgeschrittene ohne Turniererfahrung von 10:00 Uhr bis 11:30 Uhr<\/strong><\/p>\r\n\r\n\r\n\r\n<div class=\"wp-block-buttons is-content-justification-center is-layout-flex wp-container-core-buttons-is-layout-16018d1d wp-block-buttons-is-layout-flex\">\r\n<div class=\"wp-block-button is-style-primary\"><a class=\"wp-block-button__link wp-element-button\" href=\"\/wordpress\/?page_id=217\">Der Verein<\/a><\/div>\r\n\r\n\r\n\r\n<div class=\"wp-block-button is-style-secondary\"><a class=\"wp-block-button__link has-background wp-element-button\" href=\"\/wordpress\/wp-content\/uploads\/2024\/09\/rsk-aufnahmeantrag.pdf\" style=\"background-color:#3557a0\" target=\"_blank\" rel=\"noreferrer noopener\">Mitglied werden<\/a><\/div>\r\n<\/div>\r\n\r\n\r\n\r\n<p>&nbsp;<\/p>\r\n<\/div><\/div>\r\n\r\n\r\n\r\n<div class=\"wp-block-query is-layout-flow wp-block-query-is-layout-flow\"><ul class=\"columns-2 wp-block-post-template is-layout-grid wp-container-core-post-template-is-layout-17361a50 wp-block-post-template-is-layout-grid\"><li class=\"wp-block-post post-3590 post type-post status-publish format-standard hentry category-allgemein category-mannschaften\">\r\n\r\n<div class=\"wp-block-group\" style=\"padding-top:30px;padding-right:30px;padding-bottom:30px;padding-left:30px\"><div class=\"wp-block-group__inner-container is-layout-flow wp-block-group-is-layout-flow\"><h3 class=\"wp-block-post-title\"><a href=\"https:\/\/www.rsk1950.de\/wordpress\/?p=3590\" target=\"_self\" >Spielbericht: RSK IV \u2013 SG Kaarst II 4-4<\/a><\/h3>\r\n\r\n<div class=\"wp-block-post-excerpt\"><p class=\"wp-block-post-excerpt__excerpt\">Gegen eine bisher verlustpunktfreie Zweite Mannschaft aus Kaarst erzielen wir ein starkes 4-4 und schlie\u00dfen die Saison mit dem 7. Platz in der Bezirksliga ab, was gleichzeitig auch den ersehnten Klassenerhalt bedeutet. Zum letzten Spiel der Saison empfingen wir die Zweite Mannschaft aus Kaarst, die zu diesem Zeitpunkt alle Spiele der Saison sehr souver\u00e4n gewonnen<\/p><p class=\"wp-block-post-excerpt__more-text\"><a class=\"wp-block-post-excerpt__more-link\" href=\"https:\/\/www.rsk1950.de\/wordpress\/?p=3590\">Weiterlesen<\/a><\/p><\/div>\r\n\r\n<div class=\"wp-block-post-date\"><time datetime=\"2026-04-13T21:33:57+02:00\">13. April 2026<\/time><\/div><\/div><\/div>\r\n\r\n<\/li><li class=\"wp-block-post post-3583 post type-post status-publish format-standard hentry category-allgemein\">\r\n\r\n<div class=\"wp-block-group\" style=\"padding-top:30px;padding-right:30px;padding-bottom:30px;padding-left:30px\"><div class=\"wp-block-group__inner-container is-layout-flow wp-block-group-is-layout-flow\"><h3 class=\"wp-block-post-title\"><a href=\"https:\/\/www.rsk1950.de\/wordpress\/?p=3583\" target=\"_self\" >Dea Jaupi ist NRW-Vize-Einzelmeisterin in der U18w !<\/a><\/h3>\r\n\r\n<div class=\"wp-block-post-excerpt\"><p class=\"wp-block-post-excerpt__excerpt\">In den letzten Tagen fand in Kranenburg die NRW-Jugendeinzelmeisterschaft statt. Hierbei ging f\u00fcr uns Dea Jaupi an den Start, nachdem sie sich als Vize-Einzelmeisterin im Verband daf\u00fcr qualifiziert hat. In einem relativ ausgeglichenen Teilnehmerfeld war ein spannender Kampf um die vorderen Pl\u00e4tze und die damit verbundene Qualifikation die Deutsche Jugendeinzelmeisterschaft vorprogrammiert. Am Ende konnte Dea<\/p><p class=\"wp-block-post-excerpt__more-text\"><a class=\"wp-block-post-excerpt__more-link\" href=\"https:\/\/www.rsk1950.de\/wordpress\/?p=3583\">Weiterlesen<\/a><\/p><\/div>\r\n\r\n<div class=\"wp-block-post-date\"><time datetime=\"2026-04-11T20:55:43+02:00\">11. April 2026<\/time><\/div><\/div><\/div>\r\n\r\n<\/li><li class=\"wp-block-post post-3557 post type-post status-publish format-standard hentry category-allgemein\">\r\n\r\n<div class=\"wp-block-group\" style=\"padding-top:30px;padding-right:30px;padding-bottom:30px;padding-left:30px\"><div class=\"wp-block-group__inner-container is-layout-flow wp-block-group-is-layout-flow\"><h3 class=\"wp-block-post-title\"><a href=\"https:\/\/www.rsk1950.de\/wordpress\/?p=3557\" target=\"_self\" >Fragebogen Saison 26\/27, Fristsetzung 31.05.<\/a><\/h3>\r\n\r\n<div class=\"wp-block-post-excerpt\"><p class=\"wp-block-post-excerpt__excerpt\">Liebe Ratzen, auch dieses Jahr haben wir euch wieder einen Fragebogen f\u00fcr die n\u00e4chste Saison zusammengestellt. Vielen Dank an Uwe f\u00fcr die Einrichtung auf der Homepage! Den Fragebogen findet ihr hier: https:\/\/www.rsk1950.de\/wordpress\/?page_id=2539 Bei R\u00fcckfragen steht Euch die Spielleitung gerne zur Verf\u00fcgung.<\/p><p class=\"wp-block-post-excerpt__more-text\"><a class=\"wp-block-post-excerpt__more-link\" href=\"https:\/\/www.rsk1950.de\/wordpress\/?p=3557\">Weiterlesen<\/a><\/p><\/div>\r\n\r\n<div class=\"wp-block-post-date\"><time datetime=\"2026-04-03T15:51:25+02:00\">3. April 2026<\/time><\/div><\/div><\/div>\r\n\r\n<\/li><li class=\"wp-block-post post-3543 post type-post status-publish format-standard hentry category-allgemein category-mannschaften\">\r\n\r\n<div class=\"wp-block-group\" style=\"padding-top:30px;padding-right:30px;padding-bottom:30px;padding-left:30px\"><div class=\"wp-block-group__inner-container is-layout-flow wp-block-group-is-layout-flow\"><h3 class=\"wp-block-post-title\"><a href=\"https:\/\/www.rsk1950.de\/wordpress\/?p=3543\" target=\"_self\" >Spielbericht: SF Gerresheim II &#8211; RSK III 3,5:4,5<\/a><\/h3>\r\n\r\n<div class=\"wp-block-post-excerpt\"><p class=\"wp-block-post-excerpt__excerpt\">Als Aufsteiger ging es heute zum Derby nach Gerresheim. Auch bei sch\u00f6nem Wetter wollten wir keine Geschenke in Form von Punkten machen. Nach 2 Stunden stand diesmal keiner schlecht und Stefan (5) hatte schon eine Figur mehr. Dann versuchte Gerresheim mit einer Remisangebotslawine dem n\u00f6tigen Punkt zum Klassenerhalt n\u00e4her zu kommen. Robert (3) und ich<\/p><p class=\"wp-block-post-excerpt__more-text\"><a class=\"wp-block-post-excerpt__more-link\" href=\"https:\/\/www.rsk1950.de\/wordpress\/?p=3543\">Weiterlesen<\/a><\/p><\/div>\r\n\r\n<div class=\"wp-block-post-date\"><time datetime=\"2026-03-22T21:15:48+01:00\">22. M\u00e4rz 2026<\/time><\/div><\/div><\/div>\r\n\r\n<\/li><li class=\"wp-block-post post-3539 post type-post status-publish format-standard hentry category-allgemein\">\r\n\r\n<div class=\"wp-block-group\" style=\"padding-top:30px;padding-right:30px;padding-bottom:30px;padding-left:30px\"><div class=\"wp-block-group__inner-container is-layout-flow wp-block-group-is-layout-flow\"><h3 class=\"wp-block-post-title\"><a href=\"https:\/\/www.rsk1950.de\/wordpress\/?p=3539\" target=\"_self\" >Solingen 4 &#8211; RSK 1 4:4<\/a><\/h3>\r\n\r\n<div class=\"wp-block-post-excerpt\"><p class=\"wp-block-post-excerpt__excerpt\">Am vergangenen Sonntag ging es f\u00fcr uns nach Solingen \u2013 ein wichtiges Duell im Kampf um die oberen Pl\u00e4tze. Leider fielen bei uns Ralf und Henry aus, daf\u00fcr sprangen Uwe und Christian ein. Die Motivation war gro\u00df, denn es war klar, dass wir, wenn wir etwas mitnehmen, am letzten Spieltag zu Hause gegen Welper einen<\/p><p class=\"wp-block-post-excerpt__more-text\"><a class=\"wp-block-post-excerpt__more-link\" href=\"https:\/\/www.rsk1950.de\/wordpress\/?p=3539\">Weiterlesen<\/a><\/p><\/div>\r\n\r\n<div class=\"wp-block-post-date\"><time datetime=\"2026-03-20T15:27:43+01:00\">20. M\u00e4rz 2026<\/time><\/div><\/div><\/div>\r\n\r\n<\/li><li class=\"wp-block-post post-3512 post type-post status-publish format-standard hentry category-allgemein category-mannschaften\">\r\n\r\n<div class=\"wp-block-group\" style=\"padding-top:30px;padding-right:30px;padding-bottom:30px;padding-left:30px\"><div class=\"wp-block-group__inner-container is-layout-flow wp-block-group-is-layout-flow\"><h3 class=\"wp-block-post-title\"><a href=\"https:\/\/www.rsk1950.de\/wordpress\/?p=3512\" target=\"_self\" >Ratinger SK 7 &#8211; SV Hilden 6 3:3<\/a><\/h3>\r\n\r\n<div class=\"wp-block-post-excerpt\"><p class=\"wp-block-post-excerpt__excerpt\">Am heutigen Spieltag musste sich unsere Mannschaft mit einem Unentschieden zufriedengeben. Auch wenn nach dem Verlauf zwischenzeitlich mehr m\u00f6glich schien, bleibt das Ergebnis am Ende ein wichtiger Punkt im Kampf um die Tabellenf\u00fchrung. Aufgrund unseres Vorsprungs gehen wir damit weiterhin aus einer guten Position in den letzten Spieltag. Der Mannschaftskampf begann mit einem Remis von<\/p><p class=\"wp-block-post-excerpt__more-text\"><a class=\"wp-block-post-excerpt__more-link\" href=\"https:\/\/www.rsk1950.de\/wordpress\/?p=3512\">Weiterlesen<\/a><\/p><\/div>\r\n\r\n<div class=\"wp-block-post-date\"><time datetime=\"2026-03-15T17:45:36+01:00\">15. M\u00e4rz 2026<\/time><\/div><\/div><\/div>\r\n\r\n<\/li><\/ul><\/div>\r\n","protected":false},"excerpt":{"rendered":"","protected":false},"author":1,"featured_media":0,"parent":0,"menu_order":0,"comment_status":"closed","ping_status":"closed","template":"","meta":{"neve_meta_sidebar":"full-width","neve_meta_container":"full-width","neve_meta_enable_content_width":"on","neve_meta_content_width":100,"neve_meta_title_alignment":"","neve_meta_author_avatar":"","neve_post_elements_order":"","neve_meta_disable_header":"","neve_meta_disable_footer":"","neve_meta_disable_title":"on","footnotes":""},"class_list":["post-7","page","type-page","status-publish","hentry"],"_links":{"self":[{"href":"https:\/\/www.rsk1950.de\/wordpress\/index.php?rest_route=\/wp\/v2\/pages\/7","targetHints":{"allow":["GET"]}}],"collection":[{"href":"https:\/\/www.rsk1950.de\/wordpress\/index.php?rest_route=\/wp\/v2\/pages"}],"about":[{"href":"https:\/\/www.rsk1950.de\/wordpress\/index.php?rest_route=\/wp\/v2\/types\/page"}],"author":[{"embeddable":true,"href":"https:\/\/www.rsk1950.de\/wordpress\/index.php?rest_route=\/wp\/v2\/users\/1"}],"replies":[{"embeddable":true,"href":"https:\/\/www.rsk1950.de\/wordpress\/index.php?rest_route=%2Fwp%2Fv2%2Fcomments&post=7"}],"version-history":[{"count":151,"href":"https:\/\/www.rsk1950.de\/wordpress\/index.php?rest_route=\/wp\/v2\/pages\/7\/revisions"}],"predecessor-version":[{"id":3201,"href":"https:\/\/www.rsk1950.de\/wordpress\/index.php?rest_route=\/wp\/v2\/pages\/7\/revisions\/3201"}],"wp:attachment":[{"href":"https:\/\/www.rsk1950.de\/wordpress\/index.php?rest_route=%2Fwp%2Fv2%2Fmedia&parent=7"}],"curies":[{"name":"wp","href":"https:\/\/api.w.org\/{rel}","templated":true}]}}